nvert -24203 (base 6) to base 9.
-4753
-12a1 (base 11) to base 8
-3224
Convert 2214 (base 5) to base 12.
219
Convert 444 (base 13) to base 8.
1334
-de (base 16) to base 11
-192
What is -101 (base 11) in base 8?
-172
Convert 289 (base 15) to base 11.
487
Convert 333 (base 11) to base 2.
110001111
What is -1230 (base 6) in base 16?
-132
-21a (base 15) to base 14
-25d
Convert -112101 (base 3) to base 14.
-1da
What is 175 (base 9) in base 4?
2111
Convert -220 (base 8) to base 2.
-10010000
1365 (base 7) to base 16
219
Convert 153252 (base 6) to base 4.
3222200
What is 2377 (base 13) in base 12?
2a87
Convert -29a (base 14) to base 2.
-1000010000
What is -4354 (base 14) in base 6?
-125514
100001000000 (base 2) to base 10
2112
Convert 11360 (base 7) to base 5.
43213
-49d4 (base 16) to base 5
-1101100
-7ff (base 16) to base 6
-13251
Convert 1362 (base 7) to base 10.
534
What is -19864 (base 12) in base 4?
-21022030
10366 (base 9) to base 14
2704
What is -1011001100111 (base 2) in base 8?
-13147
-1407 (base 14) to base 8
-6717
101013202 (base 4) to base 5
4220424
What is -446 (base 8) in base 11?
-248
What is -76a7 (base 11) in base 5?
-311120
301 (base 4) to base 7
100
10001101010 (base 2) to base 10
1130
Convert 13 (base 15) to base 4.
102
-2101 (base 7) to base 14
-3a8
Convert -4312 (base 7) to base 10.
-1528
What is eda (base 16) in base 11?
2947
Convert -400032 (base 5) to base 3.
-122011121
-1203 (base 10) to base 13
-717
What is -15a0 (base 11) in base 4?
-133332
Convert 2e9c (base 15) to base 4.
2130333
What is -12002011 (base 3) in base 2?
-111001110111
1a (base 13) to base 9
25
-175 (base 12) to base 6
-1025
Convert -50601 (base 7) to base 12.
-7150
What is -121021 (base 3) in base 4?
-12313
Convert -364 (base 9) to base 10.
-301
Convert -1122211111 (base 3) to base 16.
-7fab
-50b7 (base 13) to base 3
-120021102
Convert d11 (base 14) to base 15.
b5d
What is -6eb (base 16) in base 10?
-1771
-1023 (base 6) to base 15
-106
What is 211012 (base 3) in base 11?
4a5
10110010 (base 2) to base 10
178
11130031 (base 4) to base 9
33511
Convert -63721 (base 9) to base 12.
-20477
-73a (base 13) to base 4
-103100
3232022 (base 4) to base 10
15242
Convert 54756 (base 10) to base 6.
1101300
What is 450 (base 10) in base 12?
316
What is 425 (base 11) in base 14?
287
a1 (base 15) to base 16
97
What is -227 (base 11) in base 7?
-535
-115530 (base 8) to base 2
-1001101101011000
Convert -101100110 (base 2) to base 11.
-2a6
Convert 636 (base 12) to base 5.
12111
-25340 (base 7) to base 15
-1eb2
What is 31103 (base 9) in base 12?
ba40
Convert -26a6 (base 11) to base 2.
-110110110000
Convert 1855 (base 15) to base 6.
40155
-672 (base 11) to base 12
-571
3833 (base 10) to base 12
2275
Convert 153b (base 14) to base 12.
2229
What is 7771 (base 10) in base 16?
1e5b
What is -23013 (base 4) in base 2?
-1011000111
Convert -516d (base 16) to base 9.
-31531
What is 591 (base 10) in base 2?
1001001111
-106 (base 9) to base 16
-57
685 (base 13) to base 3
1112121
Convert -22112 (base 8) to base 15.
-2b45
-6326 (base 7) to base 11
-1743
Convert -6444 (base 7) to base 14.
-b94
-31340 (base 6) to base 12
-2550
What is -939 (base 10) in base 8?
-1653
Convert 666 (base 10) to base 7.
1641
Convert -22012 (base 5) to base 4.
-113203
What is 20304 (base 8) in base 12?
4a30
Convert 11b (base 15) to base 8.
373
What is -312311 (base 4) in base 3?
-11210222
1806 (base 12) to base 15
cc6
-43e (base 15) to base 3
-1022112
What is -60000 (base 9) in base 4?
-21213012
Convert 3710 (base 9) to base 6.
20443
What is 3 (base 7) in base 11?
3
What is -10224 (base 5) in base 8?
-1261
Convert -113040 (base 5) to base 13.
-1b6b
-4584 (base 15) to base 16
-399d
Convert -893 (base 14) to base 9.
-2285
-252 (base 11) to base 5
-2144
What is -11001010 (base 2) in base 7?
-406
Convert -10312 (base 4) to base 9.
-374
What is 5806 (base 9) in base 16?
10cb
What is 10120020 (base 4) in base 16?
4608
Convert -12436 (base 7) to base 9.
-4477
Convert 110410 (base 8) to base 15.
b003
Convert -b6a4 (base 12) to base 9.
-30377
Convert -100101111 (base 2) to base 14.
-179
What is 1811 (base 11) in base 2?
100100000111
Convert 417 (base 10) to base 9.
513
56c (base 14) to base 15
4bb
What is -404 (base 10) in base 4?
-12110
-1189 (base 11) to base 4
-120031
544 (base 6) to base 5
1313
What is -f1 (base 16) in base 3?
-22221
Convert 419 (base 15) to base 3.
1021020
Convert -1333 (base 5) to base 12.
-162
What is 125a6 (base 11) in base 13?
8286
What is 3041 (base 7) in base 4?
100202
What is 423 (base 8) in base 2?
100010011
Convert -979 (base 13) to base 15.
-731
Convert -1100100110111 (base 2) to base 10.
-6455
Convert 708c (base 13) to base 6.
155423
What is -82 (base 14) in base 4?
-1302
22010 (base 4) to base 6
2552
What is -22a (base 16) in base 12?
-3a2
What is -13cd (base 15) in base 14?
-1791
2012 (base 12) to base 8
6616
-3020330 (base 4) to base 16
-323c
What is -13810 (base 9) in base 14?
-35db
Convert -4af (base 16) to base 15.
-54e
What is -e8 (base 16) in base 9?
-277
6707 (base 9) to base 4
1031110
What is 443400 (base 5) in base 12?
8b57
69c (base 13) to base 10
1143
Convert 469 (base 13) to base 11.
634
What is 70351 (base 9) in base 5?
2434331
What is -169b (base 12) in base 8?
-5227
Convert -2a9a5 (base 11) to base 10.
-43796
2954 (base 12) to base 10
4816
Convert -2b22 (base 14) to base 10.
-7674
Convert -248e (base 16) to base 15.
-2b8d
What is -614 (base 9) in base 4?
-13303
832 (base 9) to base 13
401
Convert -760 (base 12) to base 13.
-651
-3307 (base 10) to base 9
-4474
What is 5b0 (base 15) in base 14?
682
3211230 (base 4) to base 12
8610
-130a (base 11) to base 4
-122220
What is 6ba (base 13) in base 6?
5223
What is 24342 (base 6) in base 9?
4828
b92 (base 13) to base 4
132322
Convert -757 (base 10) to base 12.
-531
-32311 (base 4) to base 3
-1022011
-37761 (base 10) to base 3
-1220210120
What is 37a (base 13) in base 15?
2a8
What is -173 (base 9) in base 7?
-300
What is 10540 (base 6) in base 5?
22000
-422 (base 11) to base 16
-1fc
What is -2543 (base 9) in base 5?
-30102
Convert -20004 (base 9) to base 8.
-31506
Convert -389 (base 10) to base 8.
-605
Convert 10045 (base 6) to base 16.
52d
20667 (base 8) to base 6
103543
210212 (base 3) to base 15
295
Convert -50883 (base 10) to base 14.
-14787
Convert 1244 (base 15) to base 13.
1a02
-11 (base 2) to base 6
-3
What is 375 (base 13) in base 8?
1133
Convert -111110102 (base 3) to base 10.
-9812
Convert -4402224 (base 5) to base 8.
-223062
Convert -2b2 (base 13) to base 8.
-743
What is c11 (base 13) in base 4?
133322
What is -672 (base 9) in base 13?
-335
Convert -c9 (base 14) to base 11.
-151
Convert -120211 (base 3) to base 14.
-227
What is 368 (base 16) in base 7?
2354
13c (base 14) to base 15
11a
Convert 317 (base 16) to base 8.
1427
What is 508c (base 13) in base 14?
408d
What is b44 (base 13) in base 9?
2557
What is -101002211 (base 3) in base 5?
-213431
133138 (base 9) to base 16
13c8b
What is -30055 (base 11) in base 14?
-12059
361 (base 14) to base 7
1651
-434620 (base 7) to base 10
-76111
f9 (base 16) to base 8
371
Convert -1130222 (base 4) to base 8.
-13452
What is 1b6 (base 13) in base 4?
10332
What is 135c (base 14) in base 4?
311112
Convert 2232 (base 5) to base 4.
10331
What is -173254 (base 8) in base 16?
-f6ac
702 (base 11) to base 15
3b9
What is 331 (base 11) in base 5?
3042
What is 403 (base 7) in base 2?
11000111
What is -2976 (base 12) in base 6?
-34230
-222212 (base 4) to base 12
-16b2
What is -2202220 (base 3) in base 2?
-11111100110
-70b (base 12) to base 3
-1101202
Convert -18c6d (base 14) to base 11.
-43217
Convert a069 (base 16) to base 3.
2002022221
What is 333 (base 9) in base 12?
1a9
What is -be0b (base 15) in base 3?
-2001021002
What is 3276 (base 11) in base 8?
10336
4ac8 (base 14) to base 3
122222122
What is 13d8 (base 14) in base 3?
11211110
Convert -12c79 (base 14) to base 10.
-46363
-a2a (base 13) to base 9
-2327
1332 (base 4) to base 16
7e
Convert 10030 (base 5) to base 4.
22000
Convert -6675 (base 10) to base 2.
-1101000010011
What is -18e (base 15) in base 12?
-25b
What is -1010011 (base 2) in base 13?
-65
Convert -34221 (base 5) to base 7.
-10050
-8b9 (base 14) to base 7
-5022
Convert 113 (base 14